m and i?
6
Let s = -5932 + 7426. What is the highest common factor of s and 83?
83
Let q be (10/4)/(-5)*(6 - 6). Suppose 5*n = 3*c + 2*c + 25, q = -2*n - c - 5. Suppose -65*a + 64*a + 28 = n. What is the highest common factor of a and 2?
2
Let z(a) = -a**2 - 281*a - 4472. Let d be z(-17). What is the greatest common divisor of d and 9712?
16
Suppose 6*k + 16 = 2*k. Let p be (206/4)/(28/(-8) - k). Suppose -2*n + 167 = -p. Calculate the greatest common divisor of n and 15.
15
Suppose 2*m = 3*m + 3*k + 27, -k + 27 = -m. Let z(f) = 15*f + 756. Let p be z(-52). Let d = p - m. Calculate the highest common factor of d and 30.
3
Suppose -2*m + 0 + 4 = q, 0 = 5*m - 2*q + 8. Let o be (722/(-76))/(m + 1/(-24)). Calculate the greatest common factor of 12 and o.
12
Let d be ((-6)/4 + 3)/((-53)/(-106)). Calculate the greatest common divisor of d and 66.
3
Suppose -360*k + 377*k = 34. Let b = -21 + 25. Calculate the greatest common factor of b and k.
2
Let y = -12248 - -12251. Calculate the highest common factor of 205 and y.
1
Let d be 159/(1*(-3)/4). Let j = d - -498. Suppose -3*l - 58 + j = 0. Calculate the highest common factor of 38 and l.
38
Let i(n) = -2*n**3 + 142*n**2 + 144*n + 18. Let r be i(72). Calculate the highest common factor of 39 and r.
3
Let p(b) = b - 7*b**2 + 0 - 3*b**2 + 13*b**2 + 4. Let m be -2 + 0 - 1 - -1. Let x be p(m). Calculate the greatest common divisor of x and 42.
14
Let u(q) = q + 32. Let l be u(0). Suppose -3*i - 3*v = 72 - 84, 0 = 5*i - 2*v - 20. Calculate the greatest common divisor of l and i.
4
Let f be ((-260)/12)/((-330)/54 - -6). Calculate the highest common divisor of 4815 and f.
15
Let w be -3 + 141 - (-4)/(-2). Suppose 9*i = -11*i + 6180. Let x = -292 + i. Calculate the highest common factor of w and x.
17
Suppose 3*q - 3*v - 244 = -4*v, -3*v = 4*q - 327. What is the greatest common factor of q and 1?
1
Let k = 265 - 108. Let c = 186 - k. What is the highest common factor of 116 and c?
29
Let f = 723 - 725. Let t be 44 + (f/(-8) - (-49)/28). Calculate the highest common divisor of 345 and t.
23
Let c be 1 - (-5 + 45/6)*-182. Suppose -8*v = c - 1656. Calculate the highest common factor of v and 30.
30
Let f = 40 - 4. Let p(a) = -22*a + 68. Let j be p(-10). Let l = j + -144. What is the highest common factor of f and l?
36
Suppose -2*q + 588 = -4*y, -2*q = 14*y - 16*y - 588. What is the highest common divisor of q and 24?
6
Suppose -11*t - 52 - 103 = -42*t. What is the highest common factor of 2860 and t?
5
Suppose 3*v + u - 10 = 0, -5*u - 2 = -4*v + 5. Suppose 3*z - 582 = -3*x, 9*x - 12*x + 602 = -z. Let q = 201 - x. What is the highest common divisor of q and v?
1
Let s = 17909 - 17623. What is the greatest common divisor of 22451 and s?
143
Suppose -g + 4*a + 1317 = 0, 4*a = 2*g + 2*a - 2628. Let f = g + -895. What is the greatest common factor of 22 and f?
22
Let d = -375 - -383. Suppose d*y - 4665 = 2055. Calculate the greatest common factor of y and 14.
14
Let u(a) = 192*a + 1488. Let s be u(-7). What is the highest common divisor of s and 304?
16
Suppose u - 10*u = -8*u - 15. Calculate the highest common divisor of 5065 and u.
5
Suppose -7 = -12*l + 5*l. Suppose -2*d - 1 = l. Let k be 72/33 + 2/11*d. What is the greatest common factor of 20 and k?
2
Suppose -7*f = -5*q - 6*f - 1234, 4*q + 5*f + 993 = 0. Let k = q - -390. Calculate the highest common divisor of k and 13.
13
Let m = 462 - 255. Let w = 435 - m. Calculate the highest common divisor of w and 304.
76
Let w(i) = i**3 - 18*i**2 - 41*i + 38. Let a be w(20). Suppose 0 = 6*u - 649 + 55. What is the highest common divisor of a and u?
9
Suppose -8*o + 10305 = 2625. Suppose -7*m + 13*m - o = 0. Let v = 27 - 17. Calculate the greatest common divisor of v and m.
10
Let d be 1347/12 + 3/(-12). Suppose -2*q + 59*c = 55*c, -112 = -6*q - 2*c. Calculate the greatest common divisor of q and d.
16
Suppose 0 = 5*s - 2*g - 101, -20*s + 25*s = -g + 122. What is the greatest common divisor of 47104 and s?
23
Let f be (-70)/(-6) + (-19)/(-57). Suppose -4*y = -p + f, p - y - y = 8. Let b be (p + 120/(-25))/(1/(-495)). What is the greatest common factor of 36 and b?
36
Let m be (-36)/(-48) - (-10)/(-8)*-1. Suppose v - m*w - 3*w = 118, -4*v + 3*w + 438 = 0. What is the greatest common divisor of 180 and v?
36
Suppose 20*s + 3*g + 11984 = 24*s, -3*g = 12. Calculate the greatest common factor of 146 and s.
73
Let o be 12/(((-9)/60)/(-3)). Let z = 1546 - 1531. Calculate the highest common factor of o and z.
15
Let h = -1426 - -1448. Suppose -5*o = 5*x - 2*x - 370, x - 72 = -o. Let y be o/((-1)/(-2) - 0). Calculate the highest common factor of y and h.
22
Let u = 3203 - 3182. Let i = -69 + 174. Calculate the highest common factor of i and u.
21
Suppose -10*u = -13*u + 894. Suppose u = 11*b - 4322. Suppose -3*s + 226 + 82 = -o, b = 4*s + o. What is the highest common divisor of s and 8?
8
Suppose -5*w = 280 + 135. Let l = 72 + w. Let r = 69 - l. Calculate the greatest common factor of r and 200.
40
Suppose 31*y = 24*y - 595. Let o = y + 294. Let p = o + -105. What is the highest common divisor of p and 13?
13
Suppose 58 - 282 = 8*f. Let p be (4 + f/8)*56. Calculate the greatest common factor of p and 322.
14
Let p(o) = 19*o**2 + 14 + 16 + o**3 + 42*o + 3*o**2 + 12. Let k be p(-20). Calculate the greatest common factor of k and 5.
1
Suppose 5*o - 2*m = 497 - 482, 0 = -o - 3*m + 3. Calculate the highest common factor of 123 and o.
3
Let i be (-6)/(-18) - 5/((-30)/(-1682)). Let a be 14*((-170)/i - (-2)/8). Calculate the highest common divisor of a and 102.
6
Let c be 31 - (-16 - (-7 + 2)). Calculate the highest common divisor of 5376 and c.
42
Suppose 23*z + 9667 = 4*f, -3*f - z = -4*f + 2393. Calculate the highest common divisor of f and 24.
12
Let c be (5*2/4)/((-86)/(-172)). Suppose -9*l - 187 = -5*m - c*l, 0 = -5*m - 2*l + 199. What is the highest common divisor of 3 and m?
3
Let m = -26559 + 27054. Calculate the highest common divisor of m and 585.
45
Let p = 385 - 383. Suppose -p*c = 2*n - 126, -4*c + 0*c + 4*n + 276 = 0. What is the greatest common divisor of c and 24?
6
Suppose -5*l + 172 = -3*l. Let p = 103 - l. Suppose 3*z = -2*m - 3, 2*z - p = 3*m + 2*m. What is the highest common divisor of z and 7?
1
Suppose 2*x - 75 = 9. Let q be x/(-8)*8/(-3). Let n be ((-539)/4)/(34078/(-12392)). What is the greatest common factor of q and n?
7
Let s(j) = 10*j**2 - 7*j + 45. Let l be s(5). Let m = -248 + l. What is the highest common factor of m and 4?
4
Let y = -324 - -334. Let t be 4/2 + 400/y. What is the highest common factor of 28 and t?
14
Suppose -5339 = 3*i - 5384. Calculate the highest common divisor of 285 and i.
15
Let a = 3 - 13. Let z be -2*(15/a)/(12/4). Calculate the highest common factor of 11 and z.
1
Let k(r) = r**3 + 26*r**2 + 52*r + 101. Let s be k(-24). Suppose 22*d - 75 = 17*d. What is the greatest common factor of s and d?
5
Let h = 42 - 2. Suppose 5*s - 5*z = 96 + 144, -s = -5*z - h. Let f = 126 - 51. Calculate the highest common factor of s and f.
25
Let k = 3649 - 3630. Calculate the greatest common factor of 18677 and k.
19
Suppose 15 = -34*j + 117. Let s be j/(-2)*2 - 33/(-3). Suppose -4*x + 0*x + 192 = 0. Calculate the highest common factor of s and x.
8
Let a be -8*((-1)/(-2))/(-1). Suppose -4*i = -5*k - 611, -3*i - a*k - 171 = -637. Let g be -2 - (-21 + 3) - 2. Calculate the greatest common divisor of i and g.
14
Let r be (10 - 1)*(5 + 24/(-6)). Let l be (0 - (-12)/r)*(3 - -3). Let u be (-2 - 2)/((-16)/l). Calculate the greatest common factor of u and 4.
2
Let n(q) = 47*q**3 - 4*q**2 + 5*q - 7. Let j be n(3). Calculate the highest common factor of 34 and j.
17
Let i(w) = 239*w + 5037. Let r be i(-21). Suppose 3*f = -o + 2*o + 20, o - 28 = -5*f. Calculate the highest common factor of f and r.
6
Suppose -74*b + 946 = -2828. What is the greatest common divisor of 221 and b?
17
Let d(t) = -37*t**2 + 418*t + 3. Let h be d(7). What is the greatest common factor of h and 108?
36
Let f be ((-1)/5 + (-2)/(-5))*5. Let r be -4 + (-4 - -51) + f. Let u be 5156/r - (-6)/(-33). Calculate the highest common divisor of 13 and u.
13
Suppose -m = m + 14. Let l(u) be the second derivative of -7*u**3/2 + 11*u**2 - 3*u + 75. Let w be l(m). What is the highest common fa